*i**2 - i + 3. Suppose 1 = 3*q + 10, -5*o - 4*q - 47 = 0. Let s = 3 + o. Give f(s).
-9
Let h(m) = -m**2 + 2*m - 2. Let l be (16 - 13)*(-1 + 2). Determine h(l).
-5
Let n(x) be the second derivative of x**5/20 + 7*x**4/12 - 3*x**3/2 - 3*x**2 + 9*x. Give n(-8).
2
Let s(c) = 5*c + 1. Let l(u) = 4*u + 1. Let a(n) = 4*l(n) - 3*s(n). Let p = -21 - -18. Calculate a(p).
-2
Let r(b) be the first derivative of b**2 - 6*b + 2. Suppose 2*k = s + 4*s - 26, -2*s + 2*k = -14. Suppose m = s*m - 5*c - 25, -5*m + 3*c = -31. What is r(m)?
4
Let v be 4/6 - (-14)/42. Let g(c) be the third derivative of -c**5/10 + c**4/24 - c**3/6 + 7*c**2. Give g(v).
-6
Let n(y) = y**2 - 1. Let a be n(-1). Suppose a = -m + 2*h - 1 - 5, 0 = m + 5*h - 15. Let f(d) = d**3 + d**2 + d - 7. What is f(m)?
-7
Let v(k) be the second derivative of -4*k**3/3 - 3*k**2/2 + 14*k. Calculate v(-2).
13
Let k(g) = 10 - 10 - 2*g**2. Let j be (-1)/5 + (-117)/65. What is k(j)?
-8
Suppose 0 = -4*i + 4*u - u + 5, 0 = -5*i - 2*u - 11. Let x(g) = g**3 + 5*g**2 + 2*g - 4. Let a be x(-4). Let k(j) = 5 + 3*j**2 - 2 - a. Give k(i).
2
Let h(u) = 2*u + 3. Let y(v) = -3*v - 5. Let n(g) = -10*h(g) - 6*y(g). Suppose -36 + 10 = 13*b. Calculate n(b).
4
Let p(s) = -s**2 - 10*s - 8. Let q be p(-9). Let y(h) = -q + 1 - 2*h - 1 + 3*h. Suppose 3*k = u + 2, 0 = 2*k + u - 0*u - 3. Determine y(k).
0
Let h(p) = p**3 - 6*p**2 + 3*p + 7. Let v = -7 - -3. Let i(x) be the first derivative of -x**2/2 + x + 3. Let r be i(v). Calculate h(r).
-3
Let s(z) = 2*z + 338 - 325 + 10*z + z**2. Determine s(-10).
-7
Let b(t) = -t**2 - 8 + 17 - 9. Calculate b(2).
-4
Let s(h) = -7*h**2 + h - 1. Let w(b) = b**3 + 15*b**2 + b + 16. Let x be w(-15). What is s(x)?
-7
Let h(k) = 2*k**2 - 1. Let a(q) = q**3 - 4*q**2 - 5*q. Let w be a(5). Let m be (-1 - w) + -1 + 3. Suppose -v = -0*v - m. What is h(v)?
1
Let k(i) = -4*i**2 + 1. Suppose -3*p = 2*a - 3, 2*p - a - 1 = 1. Determine k(p).
-3
Let z(j) = j + 2*j + 1 - j - j. Give z(4).
5
Let w(m) = m**3 + 4*m**2 + 2*m + 2. Let b = 8 + -6. Suppose d + b = o - 2*o, 5*o + d + 14 = 0. Determine w(o).
5
Let v be (1/2 - -1)*(-14)/(-3). Let a(m) = m**2 - 6*m - 1. Give a(v).
6
Let u(b) = -2 + 1 - b + 2. Suppose 2*g = t + 4*t - 58, 0 = -5*t + 5*g + 70. Suppose 5*x = -v + 20, 0 = x - v - 0*v - t. What is u(x)?
-4
Let a(l) = l**2 - 4*l - 2*l**2 + 3*l + 0*l. Let o(u) = -u**3 + 4*u**2 + 5*u - 2. Let h(k) = -5*a(k) - o(k). Give h(-2).
-2
Let n(s) = s - 4. Let k = -73 + 77. Give n(k).
0
Let d(c) = -2*c + 8. Let l be d(6). Let n(p) = 4*p**2 - 4*p - 6. Let j(x) = -5*x**2 + 4*x + 6. Let r(t) = -5*j(t) - 6*n(t). Determine r(l).
6
Let n = -6 + 6. Suppose -j - j = n. Let z(m) = m**2 + m - 6. Give z(j).
-6
Let x(m) = m + 2. Let d(g) = g + 3. Let u be ((-4)/5)/(4/20). Let w = -10 - u. Let j be d(w). Give x(j).
-1
Let o(q) = 4 + q**3 - 5*q - 2*q**2 - q**2 - 6. Calculate o(4).
-6
Let o(k) = 3*k + 8. Let y be 4*2/4*-1. Let u(q) = -q - 1. Let p(m) = m - 2. Let l(d) = -p(d) - 5*u(d). Let z(a) = y*l(a) + 3*o(a). Calculate z(0).
10
Let b(t) = 3*t - 8*t + 1 + t. Calculate b(2).
-7
Let p(l) = l - 3. Let a(h) = -h + 1. Let g(b) = b. Let d(x) = -6*a(x) - 4*g(x). Let s(w) = -6*d(w) + 13*p(w). Calculate s(5).
2
Let j(b) be the first derivative of -3*b**2 + 5*b - 2*b**3 + 6 - 1/4*b**4. Give j(-5).
10
Let d(q) = q**3 + 5*q**2 - 5*q - 8. Suppose -36 = 5*y + 3*t, -5*t = 16 - 6. What is d(y)?
-14
Let m = 13 - 8. Suppose s + 2*p - 2 + 1 = 0, m*s - 5*p = 5. Let i(k) = -k**3 - k**2 + 2*k - 1. What is i(s)?
-1
Let i(r) = r - 2. Suppose -4*y + 2*a = -3*y - 13, 0 = -3*y - 2*a + 7. Suppose -31 = -4*u + y*d, 0*u + 5*d = 3*u - 27. Give i(u).
2
Let h(d) = d**2 + 8*d + 1. Suppose -5*x - 72 = -4*p - 20, x + 4*p - 4 = 0. Calculate h(x).
1
Let m(g) = -7 - g - 2 + 1. Suppose -4*n - 26 = n - 4*d, -13 = 3*n - 5*d. Determine m(n).
-2
Let m = -3 - -4. Let n be (0 - m)*(2 + -3). Let i(y) = -2*y - 8. Let x(t) = 1. Let p(f) = -3*i(f) - 24*x(f). Give p(n).
6
Let l(d) = 2*d**2 - 2*d + 1. Suppose -5*n + 40 = -20. Let k be ((-44)/n + 3)*-3. Calculate l(k).
5
Suppose -4*n - 13 = -5*w, 3*n - 4 + 15 = 5*w. Let a(b) = -8*b - 1. Determine a(w).
-9
Let l(r) be the third derivative of 0 - 1/24*r**4 - 1/6*r**3 + 0*r + 2*r**2. Determine l(5).
-6
Let j(u) = -8*u**2 + 2. Let f be j(1). Let d(q) = -2*q - 6. Give d(f).
6
Let j(c) = -3*c**2 + 2*c**2 - c - 1 + 1. Determine j(-1).
0
Suppose s = -m + 193, -3*s + 580 = -0*s + 4*m. Let b be 6/14 - s/(-42). Let y(n) = -8 + 2*n + 0 + 2. Give y(b).
4
Let o(y) = y**3 - 4*y**2. Let c be (-5 - 0)*52/(-65). Give o(c).
0
Suppose 0 + 8 = -4*v + 5*k, -2 = -2*v + k. Let u(y) = -y**2 + 2*y - 3. Calculate u(v).
-6
Let n(t) = -5*t**3 - 5*t**2 + 9*t + 1. Let z(x) = 6*x**3 + 5*x**2 - 10*x - 2. Let o(u) = 7*n(u) + 6*z(u). Give o(4).
-9
Let v(p) = 2*p - 2. Suppose -x - 3 = x + 3*o, 3*x = 4*o - 13. Give v(x).
-8
Let l(j) = j**2 - 6*j - 5. Suppose 13*a - 7*a - 36 = 0. Give l(a).
-5
Let t(f) = f + 2. Let z(q) = q**2 + 8*q + 9. Let d be z(-8). Suppose 2*c + 0 = 2*u + 2, -5*c + 4*u + d = 0. Calculate t(c).
7
Let m(v) be the first derivative of v**3/3 - v**2/2 + 7*v + 1. Let p = -8 - -8. Give m(p).
7
Let d(n) = -2*n + 2. Suppose -4*l = l - 4*p - 34, -2*l + 17 = -5*p. Let c = 28 + -16. Suppose 0 = -k - 5*o - 9 - l, -4*k - 2*o = -c. What is d(k)?
-8
Let m(x) = -4*x**3 + 7*x**2 - 4*x - 3. Let n(i) = -5*i**3 + 8*i**2 - 5*i - 4. Let f(t) = 6*m(t) - 5*n(t). Determine f(-2).
0
Let n(g) be the third derivative of g**6/120 - g**5/12 + g**4/24 + g**3/6 - 2*g**2. Calculate n(4).
-11
Let p(k) = k**2 + 7*k + 11. Let i(q) = 3*q**2 + 21*q + 32. Let b(o) = -4*i(o) + 11*p(o). Let d be b(-6). Let a(m) = m**2 + 1. Determine a(d).
2
Let l(s) = -s**3 + 2*s**2 + 4*s + 5. Suppose 0 = 5*w - 17 - 3. Determine l(w).
-11
Let x(z) = -z - 3. Let g be (14 - 16)*2/(-4). Let y be g/2*(-7 - -1). Determine x(y).
0
Suppose 0 = -5*n + 5*q + 20, -3*q + 0 + 3 = 0. Let a(l) = -l**2 + 7*l + 2. Calculate a(n).
12
Let m(y) = 3*y**3 + 9*y**3 - 9*y**2 + 2*y - 13*y**3 + 3*y**2 + 7. Let d be (-1)/(-2) - (-26)/(-4). Determine m(d).
-5
Suppose 5*q + 0*q - 277 = 4*w, 0 = 5*q - 25. Let f be (-3)/(-12) - w/(-12). Let y(d) = -d - 7. What is y(f)?
-2
Let q(b) be the third derivative of b**7/2520 + b**6/720 - b**5/20 - b**2. Let z(h) be the third derivative of q(h). Calculate z(-3).
-5
Let s(q) be the third derivative of q**5/60 - 7*q**4/24 + q**3/3 - 7*q**2. Determine s(7).
2
Let h(f) = f**3 + 5*f**2 - 7*f + 6. Let y be h(-6). Suppose 17 = k + 3*n, -2*k = 3*n + y - 31. Let v(t) = -t + 13*t - 11*t + 1. Calculate v(k).
3
Let w be 2*3*(-1)/(-3). Suppose 5 = 5*p + 5*v, w*p + 4*v - v - 4 = 0. Let j(q) be the third derivative of q**6/60 - q**5/30 - q**4/24 + q**2. Give j(p).
-3
Let o(n) = -n**3 - 8*n**2 - 8*n - 8. Let c(h) = 18*h**2 + 20. Let x(p) = -6*p**2 - 7. Let t(u) = -6*c(u) - 17*x(u). Let b be t(-1). What is o(b)?
-1
Let d(v) = 0*v - v**3 - 1 + 2*v + v**2 - 3*v. Let b(a) = -3*a**3 + 6*a**2 - 5*a - 2. Let h(n) = b(n) - 2*d(n). Let r = 6 - 3. What is h(r)?
0
Let z(l) be the first derivative of 2*l + 1/2*l**3 + 3 - 1/2*l**2. Let d(p) be the first derivative of z(p). Calculate d(-1).
-4
Let q be 3/12 + 45/12. Let t(h) = -2*h + 12*h**2 - 9*h**2 - q*h**2. Calculate t(-1).
1
Let c(y) = -y**2 + 3. Let x(p) = -p**3 - 5*p**2 - 3*p + 5. Let b be x(-4). Suppose 3*i + b - 7 = 0. Suppose -2*g - i*g = -12. What is c(g)?
-6
Let f(l) = 5*l + 5. Let t(b) = b**3 - 9*b**2 + 6*b + 12. Let k be t(8). Give f(k).
-15
Let b(s) = -s**3 - 8*s**2 - 6*s + 5. Let o be b(-7). Let v be o/(-6)*(1 - 4). Let k = v + -3. Let m(d) = -d**2 - 4*d + 3. Calculate m(k).
3
Let t(b) = -b**2 - 7. Suppose 0*y = 3*y. Determine t(y).
-7
Let l(o) = -2*o - 21. Let f(x) = x + 11. Let r(w) = -7*f(w) - 4*l(w). Let n = 5 - -5. Let v = 7 - n. Determine r(v).
4
Let f(x) = -3*x - 2. Suppose 10*k + 26 + 24 = 0. What is f(k)?
13
Let i(f) = 4*f**2 - 2*f + 1. Let t be i(1). Suppose -3*n + 5*b = -t, 0*b = -3*n + 2*b - 6. Let a(p) = p**2 + 3*p - 2. What is a(n)?
2
Suppose 5*z = -20, 0*b = 2*b - 4*z - 18. Let l(g) = -4*g - 5*g - b + 7*g + g**3 - 2*g**2 - 8*g**3. Determine l(-1).
6
Let w(k) = -11 + 8 + k - 3. Determine w(6).
0
Let x(b) = b**3 + 2*b**2 + 3*b + 3. Let z be -2 - -1 - (0 + -1). Suppose z = -2*c - 1 - 3. Determine x(c).
-3
Let m(r) be the second derivative of r**5